e x(4).
34
Let i be 2/6 + (-10)/(-6). Let q(y) = -4 + 0 + 1 - y**i + 3*y. Suppose 5*k - 2*s = 26, 5*s - 5 + 20 = 0. What is q(k)?
-7
Let m(l) = 2*l**2 - 24*l + 33. Let p(t) = 3*t**2 - 37*t + 51. Let s(q) = 8*m(q) - 5*p(q). Determine s(4).
-3
Let w(t) = 6*t**2 + 10*t + 4. Let c(p) = p**2 + p. Let z(u) = -5*c(u) + w(u). Let s = -49 + 55. Suppose 5*x + 38 = -3*y + s, -2*x = -y + 4. Calculate z(y).
0
Suppose 6*m = 4*m - 10. Let i(t) = 5*t**3 - 10*t**2 + 7*t. Let d = -23 - -17. Let x(s) = -11*s**3 + 21*s**2 - 14*s. Let y(v) = d*x(v) - 13*i(v). Calculate y(m).
10
Let y(s) = -12*s**2 - 22*s + 9. Let u(c) = -5*c**2 - 11*c + 5. Let i(r) = 5*u(r) - 2*y(r). Determine i(-11).
7
Let x(l) = l + 2. Let v be 0 - ((-12)/9 - (-12)/36). Determine x(v).
3
Let u(m) = m. Suppose 5*d = -2 - 3. Let x(z) = z**3 + 3*z**2 - 6*z - 2. Let n(i) = d*x(i) - 2*u(i). Suppose -20 = 9*w + 16. What is n(w)?
2
Let h(i) = 5*i + 2. Let c(o) = o**3 + 4*o**2 - 5*o + 6. Let m be c(-5). Let v = m - -15. Suppose -3*t = 5*w + v, 0 = -5*t - 2*w - 2 - 14. Determine h(t).
-8
Let p be ((-12)/10)/(2/10). Let h(a) be the third derivative of a**6/120 + a**5/12 - a**4/3 - a**3 + 198*a**2. Determine h(p).
6
Let o(l) = 4*l**2 - 5*l + 1. Let r(d) = d**2 + 1. Let t(u) = -o(u) + 3*r(u). Let a be 11/3 + 3/9. What is t(a)?
6
Let q(u) = u**3 + 5*u**2 - 5*u + 8. Let a be q(-6). Suppose a*x = -0*x - 4*y + 12, 0 = 2*x + 5*y - 17. Let d(m) = 4*m - 5*m - 13 - 18 + 34. What is d(x)?
7
Let w(u) = u + 12. Let o be w(-10). Suppose o*f + 5*m - 30 = 0, 11 = 5*f - 4*m + 2. Let l(x) be the second derivative of -x**3/6 - x**2/2 + 2*x. Determine l(f).
-6
Suppose 3*y + 3*q = 8*q + 15, 0 = -3*y - 2*q - 6. Let n(a) be the third derivative of y*a - 7/24*a**4 - 2*a**2 + a**3 + 0 + 1/60*a**5. Give n(4).
-6
Let b(r) = 146 + 155 - 2*r - 310. Give b(7).
-23
Suppose 5*g - 46 = -1. Let y = g + -7. Let h(m) = 3 - 5 + y + 7*m. What is h(1)?
7
Let n(x) = -51*x - 125. Let y(l) = -9*l - 25. Let j(o) = -2*n(o) + 11*y(o). What is j(12)?
11
Let d be 4/(-30) - 1001/(-195). Let f(k) = -k**2 + 7*k + 2. Calculate f(d).
12
Let g(s) be the first derivative of -2*s + 6 - 1/2*s**2. Calculate g(-3).
1
Let x = -100 + 108. Suppose 9*p = p + x. Let z(k) = 7*k**2 - k + 1. What is z(p)?
7
Let j be 30/(-165) - (-114)/22. Suppose j = -a - 5*m, -3*a = 2*m + 1 + 1. Let q(i) = -i**3 - 3. What is q(a)?
-3
Suppose -17*k - 5 + 90 = 0. Let b(z) = 0*z - 8*z**2 + 106*z**3 + 0*z + k - 105*z**3. Give b(8).
5
Let a(f) = 5*f**2 + 2*f - 83. Let x(i) = 3*i**2 + i - 55. Let v(u) = 5*a(u) - 8*x(u). Let w(q) be the first derivative of v(q). What is w(5)?
12
Let k(l) = -l + 3. Let g(t) = -1. Let w(f) = -9*g(f) - 4*k(f). Let i(h) = h - 1. Let x(a) = 7*i(a) - 2*w(a). Let v = 5 + -11. What is x(v)?
5
Let a(n) be the third derivative of n**5/60 - n**4/6 + n**3/6 - 10*n**2. Give a(4).
1
Let p be 6*(25/10 - 2). Let q(m) = m**p - 5 + 7 - 2*m**2 - m - 3. Give q(2).
-3
Let u(f) = 5*f**3 - 6*f**2 - 12*f + 7. Let i(t) = -2*t**3 + 2*t**2 + 4*t - 3. Let y(k) = -8*i(k) - 3*u(k). Calculate y(-2).
-5
Suppose -3*y - 15 = -8*y. Let v(k) be the second derivative of -k**y + 1/20*k**5 - 2*k**2 - 3*k + 1/3*k**4 + 0. Determine v(-5).
1
Let a(u) be the second derivative of u**4/12 + 4*u**3/3 + 11*u**2/2 - 103*u. Determine a(-6).
-1
Let f(k) = 2*k + 3. Let q be f(-2). Let v(y) = -9*y - 43 + 19 + 25. Give v(q).
10
Let d = 530 - 527. Let y(b) = 3*b**3 - 3*b**2 - 5*b + 4. Calculate y(d).
43
Let k be (-448)/35 + 2*(-14)/(-35). Let x(p) = p**3 + 13*p**2 + 12*p + 4. Calculate x(k).
4
Suppose 4*j = 5*h + 13, -18 = 5*j - 3*h - 31. Let w(b) = 4*b - 3. Determine w(j).
5
Let v be 4 + 68/(-24) + (-32)/48. Let p(x) be the second derivative of 1/2*x**2 + 0 + 6*x + v*x**3. Calculate p(-2).
-5
Let t(b) = 0*b + 248*b**3 - b - 247*b**3 + 4 - 7*b**2 + 2*b**2. Let p(m) = m**2 - 7*m - 2. Let y be p(8). Suppose 0 = -w, y = 3*j + 4*w - 9. What is t(j)?
-1
Let z(b) = b**2 - 7*b + 2. Suppose -5*t = -5*y + 18 - 3, t - 27 = -5*y. Determine z(y).
-8
Let g(p) = -p**2 - 2*p + 6. Let u be 4*10/(-20) + 6. What is g(u)?
-18
Let b = 441 + -438. Let u(s) be the third derivative of s**4/24 + s**3/2 + 3*s**2. Calculate u(b).
6
Let b(t) = -30*t**2 - 6 - 11*t**2 - 15*t - 4 + 42*t**2. What is b(15)?
-10
Suppose 0 = 19*f + 13*f. Let b(k) be the third derivative of -7*k**2 + 1/60*k**5 + f*k + 0 + 5/6*k**3 + 7/24*k**4. What is b(-6)?
-1
Let z(g) = g**3 + 7*g**2 + 6*g - 6. Let w = -6 + 7. Let x(p) = 3*p**2 + 2*p - 1. Let d be x(w). Suppose -3*v - 14 = d. Give z(v).
-6
Let x(n) = 2*n - 4. Suppose 57 = 16*h - 39. Determine x(h).
8
Suppose -7 + 20 = -13*l. Let n(j) = 39*j**2 - 1. Determine n(l).
38
Suppose -3*y + y = -8. Suppose y*z = 2*h - 17 - 7, 3 = -h - z. Suppose -h*m = -m + 2. Let x(k) = -k - 1. Determine x(m).
1
Suppose 5*x - 24 = -4*s, s + 10 = 6. Let p(l) = -l**2 + 9*l - 7. What is p(x)?
1
Let q = 15 + -15. Suppose -r + 7 = -q*r. Let z(k) = k - 8. What is z(r)?
-1
Let n(s) = -s**3 - 5*s**2 - s - 7. Let o be (5/(-2))/((-3)/6). Suppose -o - 3 = -4*t. Suppose -4*u = -i + 7, t*u + 3*u + 5 = 2*i. Give n(i).
-2
Suppose -918*o - 224 = -934*o. Let k(m) = m**2 - 14*m + 14. Determine k(o).
14
Let a = 59 - 51. Suppose 0 = -3*f - 2*b - 31, -f - b + 4*b + a = 0. Let y(u) = u**2 + 8*u + 5. Give y(f).
-2
Suppose -11*u = -5*n - 10*u - 291, 5*u - 5 = 0. Let v = -66 - n. Let q(o) = o**2 + 8*o + 3. Give q(v).
3
Let y(s) = -s**3 + 2*s**2 - s - 3. Let h(p) = -3*p**3 + 5*p**2 - 3*p - 9. Let i(a) = a**2. Let m(l) = -h(l) - 2*i(l). Let z(r) = 2*m(r) + 7*y(r). What is z(0)?
-3
Let k(g) = -5*g**3 - 4 - 10 + 3*g**3 + 0*g**3 + g**3 - g. Give k(0).
-14
Let x(p) be the second derivative of -p**4/12 + 2*p**3/3 - 3*p**2 - 110*p - 2. What is x(4)?
-6
Let s(y) = y**3 + 33*y**2 + 33*y + 34. Suppose -2*a = 5*f + 64, -f = -4*a + 15 - 143. Let h be s(a). Let l(w) = w**2 + 4*w - 3. Determine l(h).
9
Let s(l) = 89*l + 7. Let t(f) = -107*f - 7. Let j(w) = 6*s(w) + 5*t(w). Give j(9).
-2
Suppose 5*r - 8 = r. Let k be (-1)/(-3) + (-24)/(-9). Let j(z) = 0*z + k*z + 38*z**2 - 42*z**2 - 3. Give j(r).
-13
Let p(q) = 2*q - 51. Let u be p(23). Let x(s) = -6*s**2 - s + 6. Let j(v) = -v**2 + 1. Let m(c) = u*j(c) + x(c). What is m(-3)?
-5
Let y(z) = 0*z**2 + 1 - 4*z + 5 + z**2. Let c = 767 + -763. Give y(c).
6
Let g(y) be the first derivative of -y**3/3 - 11*y**2/2 + 12*y - 10. Calculate g(-12).
0
Let d be (2 + 1)*(-4 + (-42)/(-18)). Let z(s) = -4*s - 13. Calculate z(d).
7
Let w(z) = 4*z - 4. Suppose 0 = -4*p + 41 + 19. Suppose 3*s + 3 = p. What is w(s)?
12
Let f be 40/16*72/(-20). Let p(k) = k**2 + 13*k + 5. What is p(f)?
-31
Let s(t) = -t - 1. Let x(w) = -52*w + 270. Let u be x(5). Give s(u).
-11
Suppose -r = 2*r - 9. Let i(a) = 0*a**2 - 3 - 484*a - a**2 + 483*a. Give i(r).
-15
Let k(s) be the third derivative of s**8/6720 - 11*s**7/2520 + s**6/72 + s**5/24 - s**4/12 - 39*s**2. Let m(l) be the second derivative of k(l). Give m(10).
5
Let s(h) = h**2 - h - 4. Let n(g) = g**3. Let u be n(0). Give s(u).
-4
Let n(w) = 43*w - 5. Let l(b) = 10*b - 1. Let g(u) = -9*l(u) + 2*n(u). Let s = -10 - -12. Give g(s).
-9
Let n(a) be the third derivative of -a**5/60 - 35*a**2. Let f(y) = -y**3 + 8*y**2 + y + 7. Let g(s) = f(s) + 3*n(s). What is g(5)?
12
Let h(a) = a**3 + 13*a**2 + 12*a - 5. Let s = -413 - -401. Calculate h(s).
-5
Let k(p) be the third derivative of -p**6/120 + p**5/10 - p**4/4 - p**3 + 233*p**2. What is k(5)?
-11
Let y = 10 + -6. Let l(p) be the second derivative of 0 - 2*p - 2*p**2 + 1/3*p**3. What is l(y)?
4
Suppose 0 = -h + 3 + 1. Let z = 6 - h. Suppose -x = z*x. Let b(a) = -a**3 - a**2 + a - 17. What is b(x)?
-17
Let j(k) = -14*k**2 + 17*k + 37. Let z(c) = 5*c**2 - 6*c - 13. Let i(h) = 6*j(h) + 17*z(h). Suppose 7 = -o + 5*f, o - 2 = 4*f - 8. Calculate i(o).
5
Suppose 5*m + 5*h - 2*h = 22, 3*h = -2*m + 16. Let s(q) = -3*q**m - 4 - 258*q + 4*q**2 + 259*q. Determine s(-5).
16
Suppose b + 8 = -d - 0, 2*b - 2 = d. Let z(t) = 2*t - 2*t**2 - 2*t**2 - 5*t. Give z(b).
-10
Let y(j) be the first derivative of -j**3/3 - 3*j**2/2 + 6*j + 1. Suppose 35 = -32*a + 37*a. Let f(u) = 2*u - 19. Let n be f(a). What is y(n)?
-4
Let l(h) = 2*h + 3. Suppose -26 = -3*w - 4*x - 115, 5*w + 90 = 5*x. Let d = w + 30. Determine l(d).
17
Suppose 3*o = 3*j + 6, -19*j + 24*j = 3*o - 18. Let y(p) = -p**2 - 4